{"id":98,"date":"2024-11-24T14:30:57","date_gmt":"2024-11-24T14:30:57","guid":{"rendered":"https:\/\/viherkaine.fi\/public_html\/index.php\/kimput-ja-asetelmat\/"},"modified":"2025-01-19T11:47:17","modified_gmt":"2025-01-19T11:47:17","slug":"kimput-ja-asetelmat","status":"publish","type":"page","link":"https:\/\/viherkaine.fi\/?page_id=98","title":{"rendered":"KIMPUT JA ASETELMAT"},"content":{"rendered":"<div class=\"\" style=\"\" >\n    \n    <section class=\"u-clearfix u-image u-section-2\" id=\"carousel_6df6\" src=\"\" data-image-width=\"4096\" data-image-height=\"4088\" data-animation-name=\"\" data-animation-duration=\"0\" data-animation-delay=\"0\" data-animation-direction=\"\" style=\"background-image: url(&quot;https:\/\/viherkaine.fi\/wp-content\/uploads\/2024\/11\/c627fd1e-b7b5-4ebe-bb87-6da7beaa05ec-scaled.jpg&quot;);\">\n      <div class=\"u-clearfix u-sheet u-sheet-1\">\n        <h2 class=\"u-align-center u-custom-font u-font-lato u-text u-text-white u-text-1\" data-animation-name=\"\" data-animation-duration=\"0\" data-animation-delay=\"0\" data-animation-direction=\"\"> Haluatpa toivottaa \u200bonnea,&nbsp;<br>kertoa tunteistasi tai tuoda piristyst\u00e4 p\u00e4iv\u00e4\u00e4n-<br>floristimme loihtivat sanomasi hurmaavaksi kimpuksi! \n        <\/h2>\n        <div class=\"data-layout-selected u-clearfix u-layout-custom-sm u-layout-custom-xs u-layout-wrap u-layout-wrap-1\">\n          <div class=\"u-layout\">\n            <div class=\"u-layout-row\">\n              <div class=\"u-align-left u-container-align-center-md u-container-align-center-sm u-container-align-left u-container-align-left-lg u-container-align-left-xl u-container-style u-layout-cell u-right-cell u-size-60 u-layout-cell-1\" data-animation-name=\"customAnimationIn\" data-animation-duration=\"1500\">\n                <div class=\"u-container-layout u-valign-bottom-xs u-valign-top-lg u-valign-top-md u-valign-top-sm u-valign-top-xl u-container-layout-1\">\n                  <a href=\"https:\/\/viherkaine.ekukka.fi\/\" class=\"u-active-custom-color-3 u-align-center u-border-2 u-border-active-palette-1-base u-border-grey-dark-1 u-border-hover-palette-1-base u-btn u-button-style u-custom-color-3 u-hover-custom-color-3 u-btn-1\" target=\"_blank\">VERKKOKAUPPAAN<\/a>\n                <\/div>\n              <\/div>\n            <\/div>\n          <\/div>\n        <\/div>\n      <\/div>\n    <\/section>\n    <section class=\"u-align-center u-clearfix u-container-align-center u-container-align-center-lg u-container-align-center-xl u-gradient u-section-3\" id=\"sec-4e8e\">\n      <div class=\"u-clearfix u-sheet u-valign-middle-sm u-sheet-1\">\n        <h2 class=\"u-align-center u-text u-text-1\">Galleria<\/h2>\n        <p class=\"u-align-center u-custom-font u-font-roboto-condensed u-text u-text-2\">Meill\u00e4 on aina hyv\u00e4 valikoima tuoreita valmiskimppuja.<\/p>\n        <div class=\"u-expanded-width u-gallery u-layout-grid u-lightbox u-no-transition u-show-text-none u-gallery-1\">\n          <div class=\"u-gallery-inner u-gallery-inner-1\">\n            <div class=\"u-effect-hover-zoom u-gallery-item\">\n              <div class=\"u-back-slide\" data-image-width=\"2048\" data-image-height=\"1536\">\n                <img decoding=\"async\" class=\"u-back-image u-expanded\" src=\"https:\/\/viherkaine.fi\/wp-content\/uploads\/2024\/11\/IMG_0863.jpg\">\n              <\/div>\n              <div class=\"u-over-slide u-shading u-over-slide-1\"><\/div>\n            <\/div>\n            <div class=\"u-effect-hover-zoom u-gallery-item\">\n              <div class=\"u-back-slide\" data-image-width=\"3024\" data-image-height=\"3024\">\n                <img decoding=\"async\" class=\"u-back-image u-expanded\" src=\"https:\/\/viherkaine.fi\/wp-content\/uploads\/2024\/11\/IMG_E79301.jpg\">\n              <\/div>\n              <div class=\"u-over-slide u-shading u-over-slide-2\"><\/div>\n            <\/div>\n            <div class=\"u-effect-hover-zoom u-gallery-item\">\n              <div class=\"u-back-slide\" data-image-width=\"1080\" data-image-height=\"1350\">\n                <img decoding=\"async\" class=\"u-back-image u-expanded\" src=\"https:\/\/viherkaine.fi\/wp-content\/uploads\/2024\/11\/Untitleddesign87.png\">\n              <\/div>\n              <div class=\"u-over-slide u-shading u-over-slide-3\"><\/div>\n            <\/div>\n            <div class=\"u-effect-hover-zoom u-gallery-item\">\n              <div class=\"u-back-slide\" data-image-width=\"940\" data-image-height=\"788\">\n                <img decoding=\"async\" class=\"u-back-image u-expanded\" src=\"https:\/\/viherkaine.fi\/wp-content\/uploads\/2025\/01\/Tulppaanikimpunsidontakurssi2.jpg\">\n              <\/div>\n              <div class=\"u-over-slide u-shading u-over-slide-4\"><\/div>\n            <\/div>\n            <div class=\"u-effect-hover-zoom u-gallery-item\">\n              <div class=\"u-back-slide\" data-image-width=\"5712\" data-image-height=\"4284\">\n                <img decoding=\"async\" class=\"u-back-image u-expanded\" src=\"https:\/\/viherkaine.fi\/wp-content\/uploads\/2024\/11\/IMG_4578.jpg\">\n              <\/div>\n              <div class=\"u-over-slide u-shading u-over-slide-5\"><\/div>\n            <\/div>\n            <div class=\"u-effect-hover-zoom u-gallery-item\">\n              <div class=\"u-back-slide\" data-image-width=\"1576\" data-image-height=\"1955\">\n                <img decoding=\"async\" class=\"u-back-image u-expanded\" src=\"https:\/\/viherkaine.fi\/wp-content\/uploads\/2024\/11\/IMG_0811.jpg\">\n              <\/div>\n              <div class=\"u-over-slide u-shading u-over-slide-6\"><\/div>\n            <\/div>\n            <div class=\"u-effect-hover-zoom u-gallery-item\">\n              <div class=\"u-back-slide\" data-image-width=\"1366\" data-image-height=\"768\">\n                <img decoding=\"async\" class=\"u-back-image u-expanded\" src=\"https:\/\/viherkaine.fi\/wp-content\/uploads\/2024\/11\/homepagepicture.png\">\n              <\/div>\n              <div class=\"u-over-slide u-shading u-over-slide-7\"><\/div>\n            <\/div>\n            <div class=\"u-effect-hover-zoom u-gallery-item\">\n              <div class=\"u-back-slide\" data-image-width=\"576\" data-image-height=\"1024\">\n                <img decoding=\"async\" class=\"u-back-image u-expanded\" src=\"https:\/\/viherkaine.fi\/wp-content\/uploads\/2024\/11\/0e4c9271-7a35-4460-9eec-b35d7ee579a5.jpg\">\n              <\/div>\n              <div class=\"u-over-slide u-shading u-over-slide-8\"><\/div>\n            <\/div>\n            <div class=\"u-effect-hover-zoom u-gallery-item\">\n              <div class=\"u-back-slide\" data-image-width=\"1616\" data-image-height=\"1080\">\n                <img decoding=\"async\" class=\"u-back-image u-expanded\" src=\"https:\/\/viherkaine.fi\/wp-content\/uploads\/2024\/11\/DSC00714.jpg\">\n              <\/div>\n              <div class=\"u-over-slide u-shading u-over-slide-9\"><\/div>\n            <\/div>\n            <div class=\"u-effect-hover-zoom u-gallery-item\">\n              <div class=\"u-back-slide\" data-image-width=\"1080\" data-image-height=\"1080\">\n                <img decoding=\"async\" class=\"u-back-image u-expanded\" src=\"https:\/\/viherkaine.fi\/wp-content\/uploads\/2024\/11\/NPLS69991.png\">\n              <\/div>\n              <div class=\"u-over-slide u-shading u-over-slide-10\"><\/div>\n            <\/div>\n            <div class=\"u-effect-hover-zoom u-gallery-item\">\n              <div class=\"u-back-slide\" data-image-width=\"1440\" data-image-height=\"1920\">\n                <img decoding=\"async\" class=\"u-back-image u-expanded\" src=\"https:\/\/viherkaine.fi\/wp-content\/uploads\/2024\/11\/1b99c44c-1033-491c-8c99-ac435f00d439.jpg\">\n              <\/div>\n              <div class=\"u-over-slide u-shading u-over-slide-11\"><\/div>\n            <\/div>\n            <div class=\"u-effect-hover-zoom u-gallery-item\">\n              <div class=\"u-back-slide\" data-image-width=\"1080\" data-image-height=\"1080\">\n                <img decoding=\"async\" class=\"u-back-image u-expanded\" src=\"https:\/\/viherkaine.fi\/wp-content\/uploads\/2025\/01\/Untitleddesign175.png\">\n              <\/div>\n              <div class=\"u-over-slide u-shading u-over-slide-12\"><\/div>\n            <\/div>\n            <div class=\"u-effect-hover-zoom u-gallery-item\">\n              <div class=\"u-back-slide\" data-image-width=\"1080\" data-image-height=\"1080\">\n                <img decoding=\"async\" class=\"u-back-image u-expanded\" src=\"https:\/\/viherkaine.fi\/wp-content\/uploads\/2024\/11\/Untitleddesign5.jpg\">\n              <\/div>\n              <div class=\"u-over-slide u-shading u-over-slide-13\"><\/div>\n            <\/div>\n            <div class=\"u-effect-hover-zoom u-gallery-item\">\n              <div class=\"u-back-slide\" data-image-width=\"1080\" data-image-height=\"1080\">\n                <img decoding=\"async\" class=\"u-back-image u-expanded\" src=\"https:\/\/viherkaine.fi\/wp-content\/uploads\/2025\/01\/Untitleddesign174.png\">\n              <\/div>\n              <div class=\"u-over-slide u-shading u-over-slide-14\"><\/div>\n            <\/div>\n            <div class=\"u-effect-hover-zoom u-gallery-item\">\n              <div class=\"u-back-slide\" data-image-width=\"4284\" data-image-height=\"5712\">\n                <img decoding=\"async\" class=\"u-back-image u-expanded\" src=\"https:\/\/viherkaine.fi\/wp-content\/uploads\/2024\/11\/IMG_7291.jpg\">\n              <\/div>\n              <div class=\"u-over-slide u-shading u-over-slide-15\"><\/div>\n            <\/div>\n            <div class=\"u-effect-hover-zoom u-gallery-item\">\n              <div class=\"u-back-slide\" data-image-width=\"3024\" data-image-height=\"4032\">\n                <img decoding=\"async\" class=\"u-back-image u-expanded\" src=\"https:\/\/viherkaine.fi\/wp-content\/uploads\/2024\/11\/IMG_4160.jpg\">\n              <\/div>\n              <div class=\"u-over-slide u-shading u-over-slide-16\"><\/div>\n            <\/div>\n            <div class=\"u-effect-hover-zoom u-gallery-item\">\n              <div class=\"u-back-slide\" data-image-width=\"1080\" data-image-height=\"1080\">\n                <img decoding=\"async\" class=\"u-back-image u-expanded\" src=\"https:\/\/viherkaine.fi\/wp-content\/uploads\/2024\/11\/745E437C-A520-4FD2-AE34-B4C079B8E71E.png\">\n              <\/div>\n              <div class=\"u-over-slide u-shading u-over-slide-17\"><\/div>\n            <\/div>\n            <div class=\"u-effect-hover-zoom u-gallery-item\">\n              <div class=\"u-back-slide\" data-image-width=\"1080\" data-image-height=\"1080\">\n                <img decoding=\"async\" class=\"u-back-image u-expanded\" src=\"https:\/\/viherkaine.fi\/wp-content\/uploads\/2024\/11\/8688B7F7-4AA8-48C5-8D70-4BA2F448B586.jpg\">\n              <\/div>\n              <div class=\"u-over-slide u-shading u-over-slide-18\"><\/div>\n            <\/div>\n            <div class=\"u-effect-hover-zoom u-gallery-item\">\n              <div class=\"u-back-slide\" data-image-width=\"1440\" data-image-height=\"1920\">\n                <img decoding=\"async\" class=\"u-back-image u-expanded\" src=\"https:\/\/viherkaine.fi\/wp-content\/uploads\/2024\/11\/b6ec8716-3858-4318-b829-c120d1285ede.jpg\">\n              <\/div>\n              <div class=\"u-over-slide u-shading u-over-slide-19\"><\/div>\n            <\/div>\n            <div class=\"u-effect-hover-zoom u-gallery-item\">\n              <div class=\"u-back-slide\" data-image-width=\"1536\" data-image-height=\"2048\">\n                <img decoding=\"async\" class=\"u-back-image u-expanded\" src=\"https:\/\/viherkaine.fi\/wp-content\/uploads\/2024\/11\/IMG_0235.jpg\">\n              <\/div>\n              <div class=\"u-over-slide u-shading u-over-slide-20\"><\/div>\n            <\/div>\n          <\/div>\n        <\/div>\n      <\/div>\n    <\/section>\n    \n    \n    \n  \n<\/div>","protected":false},"excerpt":{"rendered":"<p>Haluatpa toivottaa \u200bonnea,&nbsp;kertoa tunteistasi tai tuoda piristyst\u00e4 p\u00e4iv\u00e4\u00e4n-floristimme loihtivat sanomasi hurmaavaksi kimpuksi! VERKKOKAUPPAAN Galleria Meill\u00e4 on aina hyv\u00e4 valikoima tuoreita valmiskimppuja.<\/p>\n","protected":false},"author":1,"featured_media":0,"parent":0,"menu_order":8,"comment_status":"closed","ping_status":"closed","template":"","meta":{"footnotes":""},"class_list":["post-98","page","type-page","status-publish","hentry"],"_links":{"self":[{"href":"https:\/\/viherkaine.fi\/index.php?rest_route=\/wp\/v2\/pages\/98","targetHints":{"allow":["GET"]}}],"collection":[{"href":"https:\/\/viherkaine.fi\/index.php?rest_route=\/wp\/v2\/pages"}],"about":[{"href":"https:\/\/viherkaine.fi\/index.php?rest_route=\/wp\/v2\/types\/page"}],"author":[{"embeddable":true,"href":"https:\/\/viherkaine.fi\/index.php?rest_route=\/wp\/v2\/users\/1"}],"replies":[{"embeddable":true,"href":"https:\/\/viherkaine.fi\/index.php?rest_route=%2Fwp%2Fv2%2Fcomments&post=98"}],"version-history":[{"count":1,"href":"https:\/\/viherkaine.fi\/index.php?rest_route=\/wp\/v2\/pages\/98\/revisions"}],"predecessor-version":[{"id":114,"href":"https:\/\/viherkaine.fi\/index.php?rest_route=\/wp\/v2\/pages\/98\/revisions\/114"}],"wp:attachment":[{"href":"https:\/\/viherkaine.fi\/index.php?rest_route=%2Fwp%2Fv2%2Fmedia&parent=98"}],"curies":[{"name":"wp","href":"https:\/\/api.w.org\/{rel}","templated":true}]}}