{"id":97,"date":"2024-11-24T14:30:56","date_gmt":"2024-11-24T14:30:56","guid":{"rendered":"https:\/\/viherkaine.fi\/public_html\/index.php\/puutarhamyymala\/"},"modified":"2025-01-19T11:53:42","modified_gmt":"2025-01-19T11:53:42","slug":"puutarhamyymala","status":"publish","type":"page","link":"https:\/\/viherkaine.fi\/?page_id=97","title":{"rendered":"PUUTARHAMYYM\u00c4L\u00c4"},"content":{"rendered":"<div class=\"\" style=\"\" >\n    \n    <section class=\"u-clearfix u-container-align-center u-image u-shading u-section-2\" id=\"sec-f160\" data-image-width=\"1478\" data-image-height=\"1600\" style=\"background-image: linear-gradient(0deg, rgba(0, 0, 0, 0.2), rgba(0, 0, 0, 0.2)), url(&quot;https:\/\/viherkaine.fi\/wp-content\/uploads\/2024\/11\/abe8261c-645b-40f5-8aae-758beea44073.jpeg&quot;);\">\n      <div class=\"u-clearfix u-sheet u-sheet-1\">\n        <div class=\"u-align-center u-container-align-center u-container-style u-expanded-width-md u-expanded-width-sm u-expanded-width-xs u-group u-shape-rectangle u-group-1\">\n          <div class=\"u-container-layout u-valign-middle u-container-layout-1\">\n            <h1 class=\"u-align-center u-heading-font u-text u-text-body-alt-color u-title u-text-1\"> Monipuolinen ymp\u00e4ri vuoden auki oleva puutarhamyym\u00e4l\u00e4 <\/h1>\n          <\/div>\n        <\/div>\n      <\/div>\n    <\/section>\n    <section class=\"u-clearfix u-custom-color-19 u-section-3\" id=\"sec-b7c3\">\n      <div class=\"u-clearfix u-sheet u-valign-middle-sm u-valign-middle-xs u-sheet-1\">\n        <p class=\"u-align-center u-custom-font u-font-lato u-text u-text-1\"> Puutarhan taimet ja tarvikkeet <br> Sis\u00e4kasvit <br> Viherkasvit <br> Mullat ja lannoitteet <br> Kasvatustarvikkeet <br> Kasvien hoitoaineet <br> Rikkakasvien torjunta <br> Karkottimet ja kasvinsuojelu <br> Siemenet ja kukkasipulit <br> Pihakoristeet <br> Ruukut <br>Lahjakortti&nbsp; \n        <\/p>\n        <img decoding=\"async\" class=\"u-expanded-width-xs u-image u-image-default u-image-1\" src=\"https:\/\/viherkaine.fi\/wp-content\/uploads\/2024\/11\/IMG_6999.jpg\" alt=\"\" data-image-width=\"1920\" data-image-height=\"1280\">\n      <\/div>\n    <\/section>\n    \n    \n    \n  \n<\/div>","protected":false},"excerpt":{"rendered":"<p>Monipuolinen ymp\u00e4ri vuoden auki oleva puutarhamyym\u00e4l\u00e4 Puutarhan taimet ja tarvikkeet Sis\u00e4kasvit Viherkasvit Mullat ja lannoitteet Kasvatustarvikkeet Kasvien hoitoaineet Rikkakasvien torjunta Karkottimet ja kasvinsuojelu Siemenet ja kukkasipulit Pihakoristeet Ruukut Lahjakortti&nbsp;<\/p>\n","protected":false},"author":1,"featured_media":0,"parent":0,"menu_order":7,"comment_status":"closed","ping_status":"closed","template":"","meta":{"footnotes":""},"class_list":["post-97","page","type-page","status-publish","hentry"],"_links":{"self":[{"href":"https:\/\/viherkaine.fi\/index.php?rest_route=\/wp\/v2\/pages\/97","targetHints":{"allow":["GET"]}}],"collection":[{"href":"https:\/\/viherkaine.fi\/index.php?rest_route=\/wp\/v2\/pages"}],"about":[{"href":"https:\/\/viherkaine.fi\/index.php?rest_route=\/wp\/v2\/types\/page"}],"author":[{"embeddable":true,"href":"https:\/\/viherkaine.fi\/index.php?rest_route=\/wp\/v2\/users\/1"}],"replies":[{"embeddable":true,"href":"https:\/\/viherkaine.fi\/index.php?rest_route=%2Fwp%2Fv2%2Fcomments&post=97"}],"version-history":[{"count":4,"href":"https:\/\/viherkaine.fi\/index.php?rest_route=\/wp\/v2\/pages\/97\/revisions"}],"predecessor-version":[{"id":263,"href":"https:\/\/viherkaine.fi\/index.php?rest_route=\/wp\/v2\/pages\/97\/revisions\/263"}],"wp:attachment":[{"href":"https:\/\/viherkaine.fi\/index.php?rest_route=%2Fwp%2Fv2%2Fmedia&parent=97"}],"curies":[{"name":"wp","href":"https:\/\/api.w.org\/{rel}","templated":true}]}}